 - 9 = 3*o, 4*x - 4*o - 16 = -0. Let w(l) = -l**3 + 3*l**2 + 3. Give w(x).
3
Suppose -2*k = -5*a + 7 - 1, -4*k = -4*a. Suppose 2*u - 4 = 5*w, 6 = -4*w + u + 2*u. Let r = a - w. Let c(i) = -2*i**2 - 1. Give c(r).
-9
Let g(u) = -u**2 + 7*u - 5. Let x = -2 + 5. Suppose x*k - 39 = -3*t, -2*k = t - 6 - 4. Suppose -t = -0*s - 4*s. What is g(s)?
7
Let r = -25 - -28. Let v(y) be the first derivative of y**5/60 - y**4/24 + y**3/2 - y**2/2 - 1. Let a(i) be the second derivative of v(i). Determine a(r).
9
Let c be (1 + 9/(-12))*0/(-7). Let g(f) = -5*f**2 + 2*f**2 + f - 2 + 2*f**2. Calculate g(c).
-2
Let h(z) = 2*z - 2. Suppose -5*u + 6 + 6 = -4*r, 4*r = 3*u - 12. Let x be (0 - (-20)/(-3))*r. Suppose 2*s = -3*s + x. What is h(s)?
6
Let c be 1 - (5/3)/5*-21. Let f(d) = -d + 12. What is f(c)?
4
Let w(m) = m**3 - 5*m**2 + 7*m - 6. Suppose -3*o - 2*o - 215 = 0. Let c = 63 + o. Suppose -5*l + 0*l = -c. Determine w(l).
6
Let x(h) = 4*h**2 + 4*h - h**2 - 2*h**2. Suppose -5*c - 17 = -a, -2*c + 2*a - 1 - 9 = 0. Determine x(c).
-3
Let p(s) = s**2 + 9*s + 8. Let x be p(-7). Let d(g) = -7 - 4*g + 1 + 3*g. Give d(x).
0
Let p(i) be the third derivative of -i**8/10080 + i**7/1680 + i**6/360 - i**5/30 - 6*i**2. Let x(k) be the third derivative of p(k). What is x(-2)?
-12
Let p(d) = d**2 + 5*d**2 - 4*d**2 + 1. What is p(1)?
3
Let m(j) = -3*j + 8*j - 3 + 6. What is m(4)?
23
Let d(h) = 10*h + 5. Let g(r) = -9*r - 4. Let m(b) = -5*d(b) - 6*g(b). Give m(1).
3
Let i(b) be the third derivative of 0 + 0*b - 1/12*b**5 - 1/24*b**4 + 4*b**2 + 5/6*b**3 + 1/120*b**6. Determine i(5).
0
Suppose 4*s = -9 - 7. Let i(m) = -m. Let t(d) be the third derivative of d**4/6 - 2*d**3/3 - d**2. Let q(r) = 6*i(r) + t(r). Determine q(s).
4
Suppose 4*b = -2 + 6. Let z be b*-2 - -1 - -1. Let t(q) = -q - 1. Determine t(z).
-1
Suppose 2*f + 3 = a - 11, -4*f + 5*a = 40. Let g(y) = -2*y + 3. Determine g(f).
13
Let x(c) = c**2 + 2*c - 42 + c**3 + 48 - c. Determine x(0).
6
Let i(a) be the first derivative of 1/2*a**2 - 8/3*a**3 + 3 + 0*a. Give i(1).
-7
Let a(z) = z. Suppose 0 = -5*q + 2*h - 4*h + 15, q - 2*h - 15 = 0. Determine a(q).
5
Let k(j) be the first derivative of j**4/4 + j**3/3 - j**2/2 - j - 2. Let h(n) = -7*n**3 - 7*n**2 + 5*n. Let d(u) = -h(u) - 6*k(u). Calculate d(0).
6
Let j(h) = -h**3 + 6*h**2 + 16*h. Let m be j(8). Let p(r) = -r**2 + r + 1. Calculate p(m).
1
Let f = 569 + -572. Suppose -9 = -2*w - w. Let k(n) = 4*n + 4. Let v(r) = 7*r + 7. Let s(m) = w*v(m) - 5*k(m). Give s(f).
-2
Let x be (-6)/27 - (-86)/(-18). Let r(v) = -v + 5. Determine r(x).
10
Let u(h) = -h**3 - 3*h**2 + 4*h + 3. Let f be (-16)/(-3) - 1/3. Let o = 2 - f. Determine u(o).
-9
Let z(y) = y**3 - y + 7. Let p be (10/(-20))/(1/(-10)). Let l = p + -5. Determine z(l).
7
Let z(p) = -5*p**2 - 2*p + 1. Suppose -10*r = -9*r - 6. Let j be -2*(9/r - 2). What is z(j)?
-6
Let q(u) = -2*u + 1. Let a be ((-6)/4)/(8/(-16)). Calculate q(a).
-5
Let s = 4 + -1. Let o = -3 + 4. Let t(b) = -3*b - o + 2*b**2 + 0*b**2 - b. Calculate t(s).
5
Suppose -3*s + b = 4, 0 = 2*s + 4*b + 12 + 14. Let m(o) be the first derivative of -3*o**2/2 - 4*o + 4. Calculate m(s).
5
Let o be 1*(0 - (-9)/3). Suppose 0 = -2*c - o - 9. Let u(x) = -2*x - 6. Determine u(c).
6
Suppose -3*s + 20 = 2*s. Suppose 2*x - 2 + 0 = 0, -s*x + 16 = 3*c. Let z(o) = 1 - 4*o - 2*o + c*o + 5*o**2. What is z(1)?
4
Let s(z) = z**3 + z + 1. Let v = 6 - 11. Let b = 21 - 14. Let q = v + b. Determine s(q).
11
Let a(q) = 0*q - q + 17 - 26. What is a(-9)?
0
Let u be (-4 - -5) + 1 + -1. Let m(r) = r - 2. Determine m(u).
-1
Let i(j) be the third derivative of -3*j**2 + 1/24*j**4 + 0 + 0*j - 1/2*j**3. Determine i(0).
-3
Suppose -12*m = -15*m - 15. Let d(u) = u + 7. What is d(m)?
2
Suppose -b + 2 = -2. Let p be 3/(-2 + -1) - -3. Let m(l) = 5*l**2 + 5*l - b*l**2 + 6 - p. Give m(-3).
-2
Let u(i) be the second derivative of -i**4/12 + i**3/2 + i. Suppose -4 = -l + 4. Suppose f + f - l = 0. Determine u(f).
-4
Let l(j) be the third derivative of 1/20*j**5 + 0 - 1/2*j**3 + 1/6*j**4 + j**2 + 0*j - 1/120*j**6. Suppose 0 = 3*n - n - 8. What is l(n)?
-3
Let s(a) = -a - 4. Let i(n) = n - 1. Let r be i(-2). Let x = -7 - r. What is s(x)?
0
Let l(w) = 4*w**2 + 3*w - 5. Let c(j) = -j**2. Let a = 10 + -11. Let r(y) = a*l(y) - 3*c(y). Let k = 2 - 7. Give r(k).
-5
Let g be (-2)/(1/((-3)/2)). Let z(x) = 1 - 1 + 2*x + g - 7*x. Let f(q) = -2*q + 1. Let u(i) = -14*f(i) + 6*z(i). What is u(3)?
-2
Let r be (-1)/3 + (-304)/(-12). Let h be (r/(-20))/(2/(-8)). Let f(m) = -m**2 + 8*m - 7. What is f(h)?
8
Let u(f) = 2*f**2 - 4*f + 3. Let d be u(2). Suppose 0 = m - d + 7. Let z(p) = -6*p**2 - 8*p - 2. Let h(q) = q**2 + q. Let w(g) = 5*h(g) + z(g). Determine w(m).
-6
Let u(w) = 3*w - 3. Let l = 27 + -22. Determine u(l).
12
Let p(q) = q**3 + 6*q**2 + 3*q - 3. Let j be p(-5). Let c = j + -2. Let d(h) = -6*h - 6. Let u(r) = -5*r - 5. Let f(y) = -6*d(y) + 7*u(y). Calculate f(c).
6
Let s = -63 - -61. Let q(b) = -5*b - 3. Calculate q(s).
7
Let p(f) = 6*f - 5. Let v be p(2). Let g(s) = v*s - s**2 + s - 3*s - s - 2. Determine g(3).
1
Let o(z) = z**2 + z - 5. Let h(y) = -y**2 + 6*y - 7. Let q be h(5). Suppose -1 = 2*l - 5. Let f = l + q. What is o(f)?
-5
Let o(a) be the second derivative of -a**3/6 - a**2/2 - 22*a. Calculate o(2).
-3
Let s(m) = -m**3 + 6*m**2 + 9*m - 11. Let z be s(7). Suppose 2*a + 11 = 4*j + 39, -5*j - 13 = z*a. Let u(o) = -o**2 - 7*o - 4. What is u(j)?
6
Let l(w) = 2*w + 118 - 57 - 61. Give l(3).
6
Suppose -5 = -3*p - 2*o, 3*p - 4*o - 40 = -p. Let v(a) = 3*a**3 - 5*a**2 + 8*a - 5*a**2 - 2*a**3 + 4*a**2 - 7. Calculate v(p).
8
Let u(t) = t**3 + 2*t**2 + 4*t + 2. Let q = 1 + 1. Suppose 4*y - 16 = 0, 0*o + q*y - 6 = -o. Give u(o).
-6
Let h be (2/6)/((-3)/(-27)). Let q(n) = 1. Let l(y) = 2*y + 2. Suppose 4*w = -3*f - 1, 2*w - 7 = 5*w - 4*f. Let b(a) = w*l(a) - 2*q(a). Calculate b(h).
-10
Let w(a) = -4*a + 3 - 3 - 2 - 6. What is w(-6)?
16
Suppose 5 = -2*g + 3. Let k(x) = -6*x - 1. What is k(g)?
5
Let v(y) = y**3 + 7*y**2 + 4*y - 5. Let c be 19/(-7) + (-12)/42. Let l = c + -3. Determine v(l).
7
Let d(u) be the third derivative of -13*u**6/120 + u**5/60 - u**4/12 + u**3/6 + 19*u**2. Calculate d(1).
-13
Let u(y) = -y**2 - 2*y + 4. Suppose 4*i = 3*t + 1, -17 = 5*t + 5*i + 8. Calculate u(t).
1
Let w(d) = d - 4. Let s(n) = -1. Let c(g) = -4*s(g) + w(g). Calculate c(-2).
-2
Let y(i) be the third derivative of i**9/60480 - i**8/20160 + i**6/60 + i**5/30 - 3*i**2. Let d(o) be the third derivative of y(o). Give d(0).
12
Let t(n) = -n**3 + 8*n**2 + n - 8. Let w be t(8). Let u(d) = -d + 16. What is u(w)?
16
Let t = -16 + 18. Let j(m) = 1 + 0*m**3 - 5*m**2 - m**3 - 4*m + m**2 + t*m**3. Give j(5).
6
Let k(a) = -a - 11. Suppose -5*n + 8 - 2 = -2*c, -5*c - 42 = n. Let q be (7/(-4))/((-2)/c). What is k(q)?
-4
Suppose -w = 3*w + d + 3, 4*w + 2*d = -2. Let n(p) = -6*p**2 + p + 1. Give n(w).
-6
Let v(i) = -6*i + 4. Let y(r) = 5*r - 3. Let w(z) = -3*v(z) - 4*y(z). Calculate w(-1).
2
Let q(c) = 0 - 2 - 3*c + 4*c + 3. Let v(k) = 1 - k**2 - 3 + 2*k**2 - 2*k. Let t be v(2). Calculate q(t).
-1
Let g(r) be the second derivative of 3*r - 3/2*r**2 - 1/6*r**3 + 0. Calculate g(-5).
2
Suppose 1 = -t - 2. Let u be 4*(14/4 + t). Let x(d) = 3*d - 2*d**2 - 1 + 2*d + 3*d**u - 6*d. Determine x(2).
1
Let q = -3 - -8. Suppose -z + 0*z = q. Let g(a) = 1 - 4*a - 3 - a**2 + 1. What is g(z)?
-6
Suppose 4*s + 5 = -3*r - 5, 3*s + 3*r = -6. Let l(w) = -w**3 - 5*w**2 + 2*w + 4. Give l(s).
-20
Let v(g) be the second derivative of -1/20*g**5 + 2*g**2 + 0 + 5/12*g**4 + g**3 - 2*g. Give v(6).
4
Let j(n) be the second derivative of -n**3/6 + 2*n**2 - 15*n. Give j(3).
1
Let u(n) = -2*n**2 + 3*n + 6. Let s(j) = j**2 - 2*j - 5. Let c(p) = -3*s(p) - 2*u(p). Give c(-3).
12
Let z(q) be the third derivative of q**6/240 - q**5/20 + q**4/24 + 3*q**2. Let h(i) be the second derivative of z(i). Calculate h(5).
9
Let f(q) = q + 3. Let z be f(2). Suppose -4*o = 4*g - 32, -2*g + 3 - 12 = -3*o. Let m(l) = -o*l**2 + 4*l**2 + z*l - 5 + 2. Give m(4).
1
Let f(x) = 2*x + 19. Let g(p) = 5*p + 39. Let r(i) = -7*f(i) + 3*g(i). Determine r(7).
-9
Let n be (-14)/((1/(-1))/(-3)). Let k = -78 - n. Let p be k/20 - 1/5. Let c(f) = -4*f - 3. What is c(p)?
5
Let g(c) = -c**2 - 2*c - 2. Suppose k + 13 -